?
-2130330123
In base 12, what is 3835aa4 - -47?
3835b2b
In base 7, what is -61346534 + 2?
-61346532
In base 8, what is -42 - -1756424?
1756362
In base 6, what is 4 - 51112204?
-51112200
In base 7, what is -45253212 - 62?
-45253304
In base 2, what is 11110101100 + 1100010101001?
10000001010101
In base 2, what is 1001011010011000 + -100000011110?
1000111001111010
In base 9, what is 203786 + 510?
204406
In base 10, what is 71356346 + 5?
71356351
In base 10, what is -8898 - 1310?
-10208
In base 2, what is -1110 - -11001101001010000011010110?
11001101001010000011001000
In base 4, what is 1003211302 - 10?
1003211232
In base 9, what is 7786271 + 5?
7786276
In base 3, what is 1222 + 10002222201101?
10002222210100
In base 8, what is -74 + -3747054?
-3747150
In base 7, what is -30533 - -24604?
-2626
In base 7, what is -110 + 311556?
311446
In base 5, what is 1 + -1030101200310?
-1030101200304
In base 7, what is 5041216110 + -3?
5041216104
In base 16, what is 4fcfd57 + -3?
4fcfd54
In base 4, what is -20101123 + 1233?
-20033230
In base 6, what is 20040 + -11130?
4510
In base 11, what is 2 - -1889928?
188992a
In base 15, what is 0 + 3b8738?
3b8738
In base 8, what is -200242534 - -2?
-200242532
In base 4, what is 2000231111231 - -32?
2000231111323
In base 8, what is -137505 + -201?
-137706
In base 8, what is 152027 + 16110?
170137
In base 15, what is 8e5d - -254?
91b2
In base 10, what is -3 + 2240368?
2240365
In base 13, what is 188c - 18a8?
-19
In base 15, what is -dae32 - 1?
-dae33
In base 7, what is 2156115 - -334?
2156452
In base 5, what is -234001 + -12143?
-301144
In base 5, what is 324430304 - 3?
324430301
In base 8, what is 5720634 - 1?
5720633
In base 9, what is 11866666 - -7?
11866674
In base 14, what is -17 + 8d4a76?
8d4a5d
In base 2, what is 100110110111111111100110 + -101?
100110110111111111100001
In base 7, what is 324206105 - -5?
324206113
In base 7, what is 24304210665 - 1?
24304210664
In base 2, what is 10101 - -100001110110011101000?
100001110110011111101
In base 6, what is -5 + -345001324?
-345001333
In base 16, what is -6555 - -4e?
-6507
In base 14, what is -3772 - 34b2?
-6c44
In base 14, what is -393da31 - 5?
-393da36
In base 15, what is 2b0dc5 - c7?
2b0ced
In base 2, what is 100100000000010010001 + -1000?
100100000000010001001
In base 8, what is 775355 + 351?
775726
In base 2, what is 100 - 10101000110101101001000?
-10101000110101101000100
In base 2, what is 100 + -1111011111011010010110011?
-1111011111011010010101111
In base 8, what is -301 - -5216527?
5216226
In base 7, what is 3435660 - 103?
3435554
In base 8, what is -22106 - 3310?
-25416
In base 4, what is -132202 + 3032202?
2300000
In base 2, what is -10100111011 + 10100111011001?
10010010011110
In base 15, what is d4c - -267?
10b4
In base 10, what is 2 - -6765797?
6765799
In base 7, what is -106 - 165623?
-166032
In base 9, what is -10683 - -283?
-10400
In base 2, what is -1110110011 + 101011000?
-1001011011
In base 7, what is 6 + 66160015?
66160024
In base 10, what is 11542 - 1064?
10478
In base 10, what is 153 - -2874263?
2874416
In base 13, what is -2 + -a92317c?
-a923181
In base 8, what is 231576 - -317?
232115
In base 3, what is -22220012112 + 111111?
-22212201001
In base 6, what is -2020 + -124330?
-130350
In base 6, what is 41444044235 - 2?
41444044233
In base 11, what is 2 + -a1860a?
-a18608
In base 5, what is -213441 - 1211432?
-1430423
In base 9, what is -1278 - 28612?
-31001
In base 2, what is 110000011100010 + -100101001001011?
1011010010111
In base 12, what is b519730 - -1?
b519731
In base 16, what is -11 + 8760b1?
8760a0
In base 10, what is 116957594 + -4?
116957590
In base 5, what is -20 + -13104121032?
-13104121102
In base 8, what is -542566 + -356?
-543144
In base 5, what is 40333 + 44220?
140103
In base 12, what is 3727311 - 1?
3727310
In base 14, what is -9 + -4716540?
-4716549
In base 5, what is 4203334 - 3011?
4200323
In base 9, what is -76486 + -3351?
-80847
In base 11, what is -107 + -131?
-238
In base 15, what is 29b - a4b36?
-a488a
In base 7, what is 50335 - -36612?
120250
In base 15, what is -898 - 11?
-8a9
In base 7, what is 4210 - -151242?
155452
In base 16, what is 6 - 9dbc985?
-9dbc97f
In base 8, what is -17163131 + 25?
-17163104
In base 15, what is -b16 + -12c91?
-138a7
In base 14, what is -4143b40 + 5?
-4143b39
In base 5, what is -101 + 3142420324?
3142420223
In base 2, what is -101111011000010111010 - -1011111?
-101111011000001011011
In base 16, what is 24 - f98928?
-f98904
In base 13, what is 2 + -13783c?
-13783a
In base 16, what is -3 + -4e43eb?
-4e43ee
In base 11, what is 11313 - 1205?
10109
In base 5, what is -43044332 - -110?
-43044222
In base 7, what is 100123 - 5154?
61636
In base 3, what is -1001 + 2002220200200220?
2002220200122212
In base 4, what is -123313130101 + 11?
-123313130030
In base 6, what is 250322 - 10524?
235354
In base 16, what is -14 - -189bc7?
189bb3
In base 2, what is 10111100010 + -1010101000101?
-111101100011
In base 3, what is 1110112002020 + -12120?
1110111212200
In base 16, what is -3a854b - -5?
-3a8546
In base 13, what is 3 - -70901a1?
70901a4
In base 7, what is 336305 + -3?
336302
In base 8, what is -126 + -3771464?
-3771612
In base 7, what is 0 - -6405211145?
6405211145
In base 16, what is -89b - bd5?
-1470
In base 5, what is 1 + 440110403?
440110404
In base 9, what is 41 + -633020?
-632868
In base 14, what is -acb7cd + -1?
-acb7d0
In base 15, what is -8e3 - -278?
-66a
In base 16, what is -25 - 7eff?
-7f24
In base 8, what is 6 - -34440210?
34440216
In base 13, what is 34a2ac4 + -4?
34a2ac0
In base 11, what is 3a81a9977 - 1?
3a81a9976
In base 9, what is 16263155 - 1?
16263154
In base 3, what is -111120 - -212101122021?
212101010201
In base 7, what is 51 - 130440211?
-130440130
In base 12, what is -5a5 + -1632b8?
-1638a1
In base 8, what is -5 - 50340?
-50345
In base 10, what is -27 - 413577?
-413604
In base 14, what is -4 + -56d931?
-56d935
In base 13, what is -5 - 34b760c?
-34b7614
In base 13, what is -3a7a - -322b?
-84c
In base 6, what is -11243351 - -20?
-11243331
In base 7, what is -140 - 3544154?
-3544324
In base 14, what is -65b2496 - 4?
-65b249a
In base 16, what is 18831a46 + 4?
18831a4a
In base 13, what is -2a893c + 116?
-2a8826
In base 10, what is 3697098 + -5?
3697093
In base 16, what is -3115c + 10?
-3114c
In base 14, what is -1189d + 208?
-11695
In base 5, what is -212243 - -342?
-211401
In base 8, what is 2 - -3106053?
3106055
In base 2, what is -10101000 + 101110100000001000010?
101110011111110011010
In base 16, what is -e994 - 4d?
-e9e1
In base 3, what is 11022 - -10020010211?
10020022010
In base 13, what is -9b - 728585?
-728653
In base 4, what is 10313133301 - 10002?
10313123233
In base 11, what is -49 - 363755?
-3637a3
In base 3, what is -11012121100012 + -21212?
-11012121122001
In base 15, what is -6 - 1925d3?
-1925d9
In base 12, what is -13a07 + 267?
-13760
In base 3, what is 22100001202012 - -201?
22100001202220
In base 12, what is -5b7 + -171ab5?
-1724b0
In base 4, what is -13 + 2122112202?
2122112123
In base 14, what is 828 - 1497b?
-14153
In base 6, what is -40345 - -240?
-40105
In base 12, what is -81 - 4628b?
-46350
In base 11, what is 7680 + 8637?
15207
In base 9, what is -2162871 + 17?
-2162853
In base 5, what is -203121 + 310242?
102121
In base 9, what is -41504702 - -4?
-41504687
In base 8, what is -2 + -172361312?
-172361314
In base 16, what is -1171a4 + -1?
-1171a5
In base 5, what is -3311 + -143034132?
-143042443
In base 8, what is -2624116263 + -5?
-2624116270
In base 14, what is -4aaa + -351b?
-81c7
In base 8, what is -5 - 14356307?
-14356314
In base 11, what is 575a + 8744?
133a3
In base 4, what is -32302 + -1013022103?
-1013121011
In base 13, what is 5a4c + -1c98?
3a84
In base 8, what is -7413 + 1650?
-5543
In base 15, what is -16c1d - 403?
-17121
In base 13, what is -8945a0c + -5?
-8945a14
In base 3, what is -112100120022210 - -11?
-112100120022122
In base 2, what is 10111101000111001110011 + -1101?
10111101000111001100110
In base 2, what is 10001111100000 + 101011101?
10010100111101
In base 10, what is 1170328 + -43?
1170285
In base 3, what is -1120001110012100210 - 2?
-1120001110012100212
In base 4, what is -32231130131003 - 11?
-32231130131020
In base 8, what is -5163 